{"id":66,"date":"2017-09-17T17:15:19","date_gmt":"2017-09-17T17:15:19","guid":{"rendered":"http:\/\/yogaamweinberg.de\/?page_id=66"},"modified":"2021-11-14T07:44:31","modified_gmt":"2021-11-14T07:44:31","slug":"kontakt","status":"publish","type":"page","link":"https:\/\/yogaamweinberg.de\/?page_id=66","title":{"rendered":"Kontakt"},"content":{"rendered":"<p>Yogaschule Yoga am Weinberg, Frank Morlino<\/p>\n<p>Alzeyer Str. 160d, 67592 Fl\u00f6rsheim-Dalsheim<\/p>\n<p>Tel: 06243\/4575296<\/p>\n<p>email: info@yogaamweinberg.de<\/p>\n<p>Anfahrt:<\/p>\n<p>In Fl\u00f6rsheim-Dalsheim der Hauptstra\u00dfe (Alzeyer Stra\u00dfe)\u00a0 Richtung Oberfl\u00f6rsheim folgen. Am Weingut Schales (gelbes Haus) in die kleine Schotterstrasse einbiegen und bis zum Ende durchfahren, das Blockhaus seht ihr auf der rechten Seite. Davor haben wir 3 Parkpl\u00e4tze.<\/p>\n<p><img loading=\"lazy\" decoding=\"async\" class=\"size-full wp-image-254 alignleft\" src=\"http:\/\/yogaamweinberg.de\/wp-content\/uploads\/2017\/11\/bdfy-logo-02-klein.jpg\" alt=\"\" width=\"283\" height=\"92\" \/><\/p>\n","protected":false},"excerpt":{"rendered":"<p>Yogaschule Yoga am Weinberg, Frank Morlino Alzeyer Str. 160d, 67592 Fl\u00f6rsheim-Dalsheim Tel: 06243\/4575296 email: info@yogaamweinberg.de Anfahrt: In Fl\u00f6rsheim-Dalsheim der Hauptstra\u00dfe (Alzeyer Stra\u00dfe)\u00a0 Richtung Oberfl\u00f6rsheim folgen. Am Weingut Schales (gelbes Haus) in die kleine Schotterstrasse einbiegen und bis zum Ende durchfahren, das Blockhaus seht ihr auf der rechten Seite. Davor haben wir 3 Parkpl\u00e4tze.<\/p>\n","protected":false},"author":1,"featured_media":0,"parent":0,"menu_order":0,"comment_status":"closed","ping_status":"closed","template":"","meta":{"footnotes":""},"class_list":["post-66","page","type-page","status-publish","hentry"],"_links":{"self":[{"href":"https:\/\/yogaamweinberg.de\/index.php?rest_route=\/wp\/v2\/pages\/66","targetHints":{"allow":["GET"]}}],"collection":[{"href":"https:\/\/yogaamweinberg.de\/index.php?rest_route=\/wp\/v2\/pages"}],"about":[{"href":"https:\/\/yogaamweinberg.de\/index.php?rest_route=\/wp\/v2\/types\/page"}],"author":[{"embeddable":true,"href":"https:\/\/yogaamweinberg.de\/index.php?rest_route=\/wp\/v2\/users\/1"}],"replies":[{"embeddable":true,"href":"https:\/\/yogaamweinberg.de\/index.php?rest_route=%2Fwp%2Fv2%2Fcomments&post=66"}],"version-history":[{"count":7,"href":"https:\/\/yogaamweinberg.de\/index.php?rest_route=\/wp\/v2\/pages\/66\/revisions"}],"predecessor-version":[{"id":308,"href":"https:\/\/yogaamweinberg.de\/index.php?rest_route=\/wp\/v2\/pages\/66\/revisions\/308"}],"wp:attachment":[{"href":"https:\/\/yogaamweinberg.de\/index.php?rest_route=%2Fwp%2Fv2%2Fmedia&parent=66"}],"curies":[{"name":"wp","href":"https:\/\/api.w.org\/{rel}","templated":true}]}}